4c (base 14) to base 4.
121121102320
1040144004 (base 5) to base 16
22aa0a
What is 3d4491 (base 14) in base 8?
10065737
-51511036 (base 7) to base 11
-2492346
Convert 120013100 (base 4) to base 16.
181d0
11101001110111001011 (base 2) to base 11
5a4758
66202 (base 9) to base 14
12000
129ba (base 12) to base 6
314354
Convert 1100010010111101000 (base 2) to base 12.
175208
3c98b0 (base 13) to base 16
168cf7
-16b645 (base 13) to base 2
-10001010101001011001
What is -477291 (base 11) in base 14?
-1598d0
-203066 (base 8) to base 13
-24727
Convert -ece51 (base 16) to base 8.
-3547121
Convert 10111001010010101101 (base 2) to base 12.
307265
Convert 13231204 (base 8) to base 11.
1743485
13322322112 (base 4) to base 9
3814141
Convert -337161 (base 12) to base 7.
-6656431
-35745 (base 9) to base 12
-11a28
Convert -3132301102 (base 4) to base 7.
-10520152
Convert -2237223 (base 10) to base 15.
-2e2d33
Convert 1051221 (base 6) to base 16.
d0bd
45be (base 15) to base 4
3213110
Convert -5f36 (base 16) to base 8.
-57466
Convert -111100000110100111 (base 2) to base 5.
-30334213
-112002202211 (base 3) to base 2
-1000011110001001110
What is 2011200120020 (base 3) in base 15?
17c3ec
-170765 (base 10) to base 14
-46337
-690a272 (base 11) to base 6
-1111103332
Convert 234221321 (base 5) to base 3.
2001011111011
What is -7c435b (base 13) in base 8?
-13203762
-10111000000100 (base 3) to base 9
-3430010
110505 (base 14) to base 11
364750
Convert 42512 (base 16) to base 3.
111210121112
Convert 20001121000122 (base 3) to base 8.
14221052
-102220312 (base 5) to base 4
-1220312101
-202202012 (base 4) to base 9
-235022
What is 12044030 (base 5) in base 12?
5505a
What is 11bc4 (base 15) in base 3?
2212201111
Convert 10320101 (base 4) to base 12.
b695
What is -11122001 (base 3) in base 10?
-3376
What is -8ee74 (base 15) in base 12?
-19b731
3103221 (base 6) to base 3
21112200011
-34313 (base 7) to base 13
-3c89
What is 10125371 (base 9) in base 13?
1011904
Convert 131330312233 (base 4) to base 8.
35746657
Convert -94a98 (base 16) to base 7.
-5114164
What is -627e3 (base 15) in base 7?
-2440314
Convert -364b95 (base 15) to base 14.
-4b8b0a
12034423 (base 5) to base 13
3bbbb
Convert 120010323 (base 4) to base 13.
35b71
385042 (base 10) to base 13
106348
What is -4624224 (base 12) in base 3?
-221101010210201
130200 (base 6) to base 8
26730
Convert 1a6359 (base 12) to base 5.
104421221
Convert 409268 (base 10) to base 3.
202210102002
Convert -2b6e27 (base 15) to base 5.
-1014132222
Convert 502367 (base 10) to base 16.
7aa5f
134436 (base 13) to base 7
3652005
Convert 1210010011120 (base 3) to base 6.
32144410
-28896 (base 11) to base 3
-2002020122
What is 10122021021020 (base 3) in base 6?
105242440
457272 (base 9) to base 3
111221022102
-29206 (base 12) to base 5
-3313233
167823 (base 9) to base 3
12021220210
Convert 311133 (base 14) to base 3.
10010002001121
What is 6277886 (base 9) in base 13?
9078a2
-51d3d (base 16) to base 10
-335165
-5bd9 (base 16) to base 9
-35225
-87900 (base 10) to base 13
-31017
-972d9d (base 14) to base 8
-23413077
What is 153051421 (base 7) in base 6?
1003352314
Convert 225221145 (base 7) to base 3.
221222022012220
Convert -1a54424 (base 12) to base 14.
-a55764
Convert 2489a80 (base 14) to base 11.
99a3463
2674647 (base 9) to base 2
101100110000010110100
What is -1326564 (base 7) in base 12?
-85499
Convert -1430100322 (base 5) to base 15.
-4e20e2
461855 (base 9) to base 3
112001221212
Convert -763886 (base 9) to base 7.
-3605226
What is -1452210 (base 12) in base 10?
-4088748
What is -924390 (base 10) in base 8?
-3415346
144ca3 (base 15) to base 11
608a59
What is 101010100000100101010 (base 2) in base 16?
15412a
Convert -162597 (base 12) to base 6.
-12031511
75b594 (base 12) to base 15
26ca64
What is 225760 (base 9) in base 5?
13313421
Convert -205255112 (base 6) to base 14.
-6a1940
Convert -371626 (base 10) to base 9.
-625687
Convert -298316 (base 11) to base 16.
-71803
What is 20145241 (base 6) in base 15?
b5124
What is -1314073 (base 8) in base 11?
-23051a
Convert 291e2 (base 15) to base 13.
48158
What is -1004114213 (base 6) in base 12?
-3535969
What is -111111010101001110 (base 2) in base 15?
-51cdb
Convert 1423002 (base 5) to base 11.
20398
Convert -111200002122 (base 3) to base 8.
-1015420
22120011112 (base 3) to base 16
29249
-ab865 (base 14) to base 2
-1100101100100000001
What is -412400 (base 8) in base 9?
-227148
What is -84532a (base 13) in base 12?
-1053898
Convert -44060 (base 13) to base 15.
-26725
-9ae1 (base 16) to base 15
-bb34
-7476770 (base 8) to base 11
-1145412
Convert -62b57 (base 14) to base 15.
-4a8b2
What is 2b0aa33 (base 12) in base 3?
121102102101210
-200637 (base 8) to base 5
-4102301
What is 242331310 (base 5) in base 10?
1136455
Convert -19c8f2 (base 16) to base 15.
-235a62
What is 3013231313 (base 4) in base 11?
509672
What is -90c23 (base 14) in base 8?
-1247737
-16424264 (base 9) to base 10
-8224069
What is -34230330 (base 5) in base 7?
-2410322
1b9610 (base 12) to base 16
7872c
What is -111121001 (base 3) in base 9?
-14531
-24134 (base 5) to base 9
-2413
5ca00 (base 13) to base 10
170859
What is 1501020 (base 6) in base 9?
140573
What is -2020144 (base 6) in base 7?
-546535
236361 (base 7) to base 16
a839
What is 2151554 (base 9) in base 14?
221379
Convert -3514b3b (base 12) to base 10.
-10231391
Convert 4687168 (base 9) to base 13.
6ab16a
-d9494 (base 15) to base 10
-689539
What is 18bb4 (base 12) in base 8?
106670
-100000010101010101 (base 2) to base 14
-3639b
29a4b9 (base 13) to base 9
1827456
1104120420 (base 5) to base 2
1001001100100011101111
What is 2904150 (base 10) in base 9?
5415663
Convert -de7c (base 15) to base 6.
-1002130
What is 17769 (base 16) in base 8?
273551
-8701884 (base 9) to base 11
-26a7973
What is -128e8 (base 15) in base 7?
-335105
What is 100122100012211 (base 3) in base 14?
975654
Convert -e3091 (base 15) to base 16.
-af8a3
Convert 40570603 (base 8) to base 15.
b47a07
-200042 (base 5) to base 4
-1202000
Convert 1895429 (base 12) to base 11.
2a13205
Convert -53887 (base 14) to base 15.
-3ecb9
Convert -b52a26 (base 12) to base 14.
-541126
21313343 (base 5) to base 4
230201030
What is 231244 (base 10) in base 11?
148812
Convert 21020011011102 (base 3) to base 8.
16516304
-190143d (base 14) to base 2
-101111001100111000011111
-12001220111 (base 3) to base 11
-68a92
Convert 3143153 (base 6) to base 12.
74ab9
1d029 (base 14) to base 10
74125
-743877 (base 10) to base 8
-2654705
Convert -6b549 (base 13) to base 5.
-22241224
Convert 1809930 (base 10) to base 8.
6717012
Convert -12111002012 (base 3) to base 16.
-1a5af
-101111110000000100111 (base 2) to base 6
-53312011
Convert -9960ab (base 12) to base 15.
-331e5b
10241031 (base 5) to base 14
239d6
732aa (base 16) to base 12
1a8ba2
What is -507170 (base 9) in base 10?
-300492
-3016205 (base 10) to base 12
-10155a5
1304177 (base 9) to base 7
6022540
Convert 65b39 (base 12) to base 2.
100000111000011101
Convert 356074 (base 8) to base 12.
5a678
What is -308a0 (base 11) in base 2?
-1010111111001001
423511 (base 6) to base 16
86e3
Convert -2360651 (base 7) to base 6.
-10234555
What is 121421100 (base 5) in base 12?
239694
What is 1100222022012 (base 3) in base 5?
141242023
Convert -2200001211210 (base 3) to base 6.
-50223120
Convert -267159 (base 13) to base 8.
-3427446
-7a805 (base 15) to base 4
-1133030222
Convert -6fe4f (base 16) to base 15.
-90be9
-15aa8 (base 16) to base 10
-88744
Convert -223110 (base 5) to base 14.
-2c49
What is -4c386c (base 14) in base 9?
-4835857
What is 25350557 (base 8) in base 14?
a658ab
7db158 (base 16) to base 5
4102044100
-90cc76 (base 13) to base 2
-1100110110110010001110
What is -2210673 (base 8) in base 9?
-1105273
-2011221121000 (base 3) to base 5
-244112041
What is -110101010000100101 (base 2) in base 12?
-a62b1
10100010101101000000 (base 2) to base 15
d26dc
Convert 105013 (base 14) to base 2.
10000110101010001001
-e4c5e (base 15) to base 10
-725039
110110101100101011100 (base 2) to base 16
1b595c
-2155405 (base 6) to base 7
-632123
What is -2c4b1 (base 13) in base 14?
-22a1c
What is -1132049 (base 13) in base 6?
-305202332
Convert -120012101021 (base 3) to base 8.
-1110237
37b127 (base 13) to base 11
834433
Wh